Is 5506323767 composite?
True
Is 8386105891 composite?
False
Is 1368724537 composite?
True
Is 710736283 a prime number?
False
Is 1101406069 prime?
True
Is 254829557 prime?
False
Is 91328863 a composite number?
True
Is 3200548787 composite?
False
Is 148281760871 a composite number?
False
Is 5343241061 prime?
False
Is 68584435973 a prime number?
True
Is 1373118641 composite?
True
Is 2599432387 prime?
True
Is 6205600486 prime?
False
Is 1470903043 composite?
False
Is 6094994729 composite?
False
Is 53998631 composite?
False
Is 458135801 a composite number?
True
Is 364704511 prime?
True
Is 1581402761 a prime number?
True
Is 125645203913 prime?
False
Is 438227441 a prime number?
False
Is 83525726737 prime?
False
Is 184779509 composite?
False
Is 926259203 a composite number?
False
Is 2119534033 a composite number?
True
Is 26730469 composite?
True
Is 1118522393 a prime number?
False
Is 31941744553 a composite number?
False
Is 9237002059 a prime number?
True
Is 717320437 a prime number?
True
Is 17525179513 a prime number?
False
Is 35557313513 composite?
True
Is 7945508647 prime?
True
Is 44500193363 a prime number?
True
Is 309532649 a prime number?
True
Is 50132696731 prime?
False
Is 21182318669 a composite number?
False
Is 270488527 a prime number?
False
Is 33431756531 composite?
False
Is 1802743067 prime?
False
Is 1680839357 prime?
True
Is 5642299753 prime?
True
Is 424315721 composite?
True
Is 293832629 composite?
False
Is 911340629 a composite number?
True
Is 455657302 a composite number?
True
Is 332092679 a composite number?
False
Is 18914556683 prime?
False
Is 7548049031 prime?
False
Is 594646719449 composite?
False
Is 50463160919 prime?
False
Is 3206794249 a composite number?
False
Is 10114926643 prime?
False
Is 1780709219 a prime number?
False
Is 29256440945 composite?
True
Is 656740003 a prime number?
False
Is 672101267 a prime number?
True
Is 10201466731 prime?
True
Is 168033323 a prime number?
False
Is 4886253667 a composite number?
True
Is 43056845239 prime?
False
Is 2044544119 a prime number?
True
Is 93576799411 a prime number?
True
Is 9902983229 prime?
True
Is 1853489867 a composite number?
False
Is 1678301069 a composite number?
True
Is 997996253 a composite number?
True
Is 10760329441 prime?
True
Is 35608267 prime?
True
Is 10661225293 composite?
False
Is 700720379 prime?
True
Is 772139531 a prime number?
True
Is 4532678011 a prime number?
False
Is 3655859579 a prime number?
True
Is 6628269497 composite?
False
Is 3485077331 prime?
True
Is 2835541 a prime number?
False
Is 24000215539 composite?
False
Is 5852339653 a prime number?
True
Is 1680278731 a prime number?
False
Is 5811578155 a composite number?
True
Is 366656109 a composite number?
True
Is 11084699569 a prime number?
True
Is 4917164501 a composite number?
True
Is 148633719209 a prime number?
True
Is 12395927711 composite?
False
Is 240840967 a prime number?
True
Is 186895672233 a prime number?
False
Is 356176529 a prime number?
True
Is 9318574141 prime?
True
Is 5796782773 a composite number?
False
Is 10030638601 a composite number?
False
Is 17147201303 a composite number?
False
Is 121409311 a composite number?
False
Is 2764470019 a composite number?
False
Is 115566443 prime?
True
Is 702653821 a composite number?
False
Is 63355601797 prime?
False
Is 2050935877 a composite number?
False
Is 166501807469 prime?
True
Is 433508377 prime?
True
Is 691405523 prime?
True
Is 225878987 a composite number?
False
Is 6015984137 prime?
True
Is 23177111 composite?
False
Is 2852484827 prime?
True
Is 266732741563 composite?
False
Is 15542043527 prime?
True
Is 486951457 prime?
True
Is 1044194839 prime?
False
Is 1189477761 prime?
False
Is 3310171321 prime?
True
Is 1024736507 prime?
True
Is 69355431389 composite?
True
Is 328293907 composite?
False
Is 130541291 a prime number?
False
Is 410447929 composite?
True
Is 8133001 a composite number?
True
Is 80869709681 composite?
False
Is 3022296859 prime?
True
Is 31982283119 composite?
False
Is 1966571311 a composite number?
False
Is 341378617 a prime number?
True
Is 1748224271 a composite number?
False
Is 689394997 a prime number?
True
Is 8257761089 a composite number?
True
Is 7431115217 composite?
True
Is 25058121449 composite?
True
Is 3879020627 a prime number?
False
Is 106078712149 a prime number?
True
Is 82443294223 a composite number?
True
Is 9879106931 composite?
False
Is 181163363 a prime number?
True
Is 5372297639 a prime number?
True
Is 243411421 a prime number?
False
Is 9755810671 a composite number?
True
Is 198528137 a prime number?
True
Is 8650823403 composite?
True
Is 2144494111 a composite number?
False
Is 5405635019 a composite number?
False
Is 7880471539 composite?
True
Is 1291310731 prime?
True
Is 43867835411 composite?
False
Is 13853477513 a prime number?
True
Is 561779369 prime?
False
Is 1541931277 prime?
True
Is 61334666891 prime?
False
Is 9239467507 composite?
False
Is 670557526 a composite number?
True
Is 209811895187 composite?
False
Is 6954496145 a prime number?
False
Is 2031868859 prime?
True
Is 72125471 a composite number?
True
Is 112016227 prime?
True
Is 164313577 a prime number?
False
Is 582208103 prime?
True
Is 17512339739 prime?
False
Is 666352513 a prime number?
True
Is 69864251923 composite?
False
Is 292520145947 a composite number?
False
Is 10407084613 a composite number?
False
Is 778093441 prime?
False
Is 20399993569 a composite number?
True
Is 775476871 prime?
False
Is 14509919623 prime?
False
Is 745019987 composite?
False
Is 2173208251 a composite number?
False
Is 5329728827 a composite number?
True
Is 269302589 a composite number?
False
Is 6256139831 prime?
False
Is 8705615983 prime?
True
Is 10160960369 composite?
True
Is 1335456761 prime?
True
Is 7991716241 prime?
True
Is 192297499 composite?
True
Is 4013202031 a composite number?
False
Is 25295392429 a composite number?
True
Is 13752273823 prime?
True
Is 317386763 composite?
True
Is 2472830447 a prime number?
True
Is 124860179 prime?
True
Is 172146613 composite?
False
Is 698009177 a prime number?
True
Is 3837014171 composite?
False
Is 6106288567 a composite number?
False
Is 186385043 prime?
False
Is 1162444957 prime?
False
Is 20506122629 composite?
False
Is 1811282003 prime?
True
Is 8089307929 prime?
False
Is 4870303849 composite?
False
Is 5757297691 composite?
True
Is 104285009 prime?
True
Is 35255785031 a prime number?
True
Is 892502953 a prime number?
False
Is 2082639907 a prime number?
True
Is 2088290119 a composite number?
False
Is 967864673 composite?
True
Is 43065189487 a prime number?
True
Is 106855861267 a composite number?
True
Is 10676573083 a prime number?
False
Is 5198000351 a prime number?
True
Is 1596042489 a prime number?
False
Is 8787554689 composite?
False
Is 766471201 a composite number?
False
Is 2878014299 a composite number?
False
Is 4807646637 prime?
False
Is 117990809 prime?
True
Is 3410673733 a prime number?
True
Is 404073581 a prime number?
False
Is 2661126593 a prime number?
True
Is 78174386651 composite?
True
Is 85168065347 a prime number?
False
Is 673083403 a prime number?
False
Is 20236835519 a composite number?
False
Is 1281038047 a prime number?
False
Is 99119497 prime?
True
Is 5819577637 a prime number?
False
Is 13210563001 a prime number?
True
Is 17503610827 prime?
True
Is 608226611 composite?
True
Is 104682129982 composite?
True
Is 41592847151 a prime number?
False
Is 214193381 composite?
False
Is 620123503 a prime number?
True
Is 64767450721 prime?
True
Is 14487385855 prime?
False
Is 13953542 prime?
False
Is 1654567693 prime?
True
Is 873758911 composite?
True
Is 99226529 composite?
False
Is 314760997 a composite number?
False
Is 528770849 prime?
False
Is 2478884353 a composite number?
True
Is 963470615 prime?
False
Is 33533467621 prime?
False
Is 2944632023 a prime number?
True
Is 8201849759 a composite number?
False
Is 68430809 prime?
True
Is 8198270747 prime?
False
Is 3345842537 a prime number?
True
Is 85808530469 prime?
False
Is 174118291073 composite?
True
Is 11924242251 a prime number?
False
Is 5120465341 prime?
True
Is 805732507 a composite number?
True
Is 7913257553 a composite number?
True
Is 129716473031 a composite number?
False
Is 96338378 composite?
True
Is 19089130441 composite?
False
Is 2886555911 a composite number?
True